{"id":51531,"date":"2026-01-29T16:15:21","date_gmt":"2026-01-29T21:15:21","guid":{"rendered":"https:\/\/www.carms.ca\/?page_id=51531"},"modified":"2026-01-29T16:15:21","modified_gmt":"2026-01-29T21:15:21","slug":"docteur-adeeb-malas","status":"publish","type":"page","link":"https:\/\/www.carms.ca\/fr\/a-propos-de\/gouvernance-et-comites\/gouvernance\/docteur-adeeb-malas\/","title":{"rendered":"Docteur Adeeb Malas"},"content":{"rendered":"<div class=\"wpb-content-wrapper\">[vc_row][vc_column][vc_column_text margin_bottom=\u00a0\u00bb0&Prime; css=\u00a0\u00bb.vc_custom_1769720917404{margin-bottom: 0px !important;}\u00a0\u00bb]<strong>Le docteur Adeeb Malas<\/strong> a \u00e9t\u00e9 choisi par M\u00e9decins r\u00e9sidents du Canada (MRC) pour remplacer le docteur Paul Slodovnick en tant que directeur nomm\u00e9 par MRC au sein du conseil d\u2019administration de CaRMS.<\/p>\n<p>Adeeb est un r\u00e9sident en psychiatrie dans le programme Fraser de la University of British Columbia, o\u00f9 il a acquis de solides bases acad\u00e9miques et cliniques apr\u00e8s avoir obtenu son doctorat en m\u00e9decine dans le Southern Medical Program de la UBC. Avant d\u2019entreprendre des \u00e9tudes en m\u00e9decine, il a obtenu un dipl\u00f4me d\u2019\u00e9tudes sp\u00e9cialis\u00e9es en pr\u00e9m\u00e9decine rurale avec mention honorable au Coll\u00e8ge Selkirk, o\u00f9 son d\u00e9vouement initial envers les communaut\u00e9s mal desservies a form\u00e9 son parcours professionnel. Sa formation en m\u00e9decine a toujours \u00e9t\u00e9 li\u00e9e \u00e0 un engagement envers l\u2019avancement des soins, de la recherche et du plaidoyer pour les r\u00e9sidents en sant\u00e9 mentale.<\/p>\n<p>En plus de sa formation en milieu clinique, Adeeb a maintenu un portefeuille de recherche solide avec des ouvrages publi\u00e9s dans divers domaines, dont celui du lien entre le cannabis et le sommeil, des soins virtuels pour les populations autochtones et de la sant\u00e9 m\u00e9tabolique. Il a \u00e9t\u00e9 l\u2019auteur principal de plusieurs projets, dont un examen syst\u00e9matique des doses de cannabis pour le sommeil, paru dans la revue <em>Sleep<\/em>, ainsi qu\u2019une \u00e9tude en cours sur les effets du cannabis sur l\u2019architecture du sommeil. Ses premi\u00e8res contributions \u00e0 la recherche ont port\u00e9 sur la planification des ressources m\u00e9dicales, la gestion des \u00e9pid\u00e9mies et l\u2019am\u00e9lioration de la qualit\u00e9 en chirurgie cardiaque. Ces initiatives t\u00e9moignent de sa capacit\u00e9 \u00e0 int\u00e9grer la recherche scientifique avec des solutions pratiques pour les soins aux patients et les syst\u00e8mes de sant\u00e9.<\/p>\n<p>Au-del\u00e0 du milieu acad\u00e9mique et de la pratique en milieu clinique, Adeeb a d\u00e9montr\u00e9 des qualit\u00e9s de leadership et un engagement communautaire exceptionnels. En tant que pr\u00e9sident de l\u2019organisation M\u00e9decins r\u00e9sidents de la Colombie-Britannique, il repr\u00e9sente les int\u00e9r\u00eats des r\u00e9sidents \u00e0 l\u2019\u00e9chelle de la province lors de n\u00e9gociations et de gouvernance, tout en menant des initiatives dans les domaines de l\u2019\u00e9ducation, du mieux-\u00eatre et de l\u2019\u00e9quit\u00e9. Ses r\u00f4les pass\u00e9s au sein de MRCB, de comit\u00e9s sociaux et de mentorat et son leadership pendant son ann\u00e9e clinique de base mettent en \u00e9vidence ses comp\u00e9tences en mati\u00e8re de collaboration et de plaidoyer. L\u2019engagement durable d\u2019Adeeb envers le service est \u00e9galement \u00e9vident dans ses premiers travaux en tant que liaison avec les familles de r\u00e9fugi\u00e9s syriens r\u00e9cemment arriv\u00e9s, o\u00f9 il offrait un soutien pour l\u2019interpr\u00e9tation, l\u2019\u00e9tablissement et l\u2019int\u00e9gration dans la communaut\u00e9.[\/vc_column_text][\/vc_column][\/vc_row]\n<\/div>","protected":false},"excerpt":{"rendered":"<p>[vc_row][vc_column][vc_column_text margin_bottom=\u00a0\u00bb0&Prime; css=\u00a0\u00bb.vc_custom_1769720917404{margin-bottom: 0px !important;}\u00a0\u00bb]Le docteur Adeeb Malas a \u00e9t\u00e9 choisi par M\u00e9decins r\u00e9sidents du Canada (MRC) pour remplacer le docteur Paul Slodovnick en tant que directeur nomm\u00e9 par MRC au sein du conseil d\u2019administration de CaRMS. Adeeb est un r\u00e9sident en psychiatrie dans le programme Fraser de la University of British Columbia, o\u00f9 il [&hellip;]<\/p>\n","protected":false},"author":40,"featured_media":0,"parent":1053,"menu_order":0,"comment_status":"closed","ping_status":"closed","template":"","meta":{"_acf_changed":false,"footnotes":""},"class_list":["post-51531","page","type-page","status-publish","hentry"],"acf":{"subtitle":"<p>Directeur<br \/>\nR\u00e9sident en m\u00e9decine, psychiatrie<br \/>\n<em>University of British Columbia<\/em><\/p>\n"},"yoast_head":"<!-- This site is optimized with the Yoast SEO plugin v27.3 - https:\/\/yoast.com\/product\/yoast-seo-wordpress\/ -->\n<title>Docteur Adeeb Malas - CaRMS<\/title>\n<meta name=\"robots\" content=\"index, follow, max-snippet:-1, max-image-preview:large, max-video-preview:-1\" \/>\n<link rel=\"canonical\" href=\"https:\/\/www.carms.ca\/fr\/a-propos-de\/gouvernance-et-comites\/gouvernance\/docteur-adeeb-malas\/\" \/>\n<meta property=\"og:locale\" content=\"fr_FR\" \/>\n<meta property=\"og:type\" content=\"article\" \/>\n<meta property=\"og:title\" content=\"Docteur Adeeb Malas - CaRMS\" \/>\n<meta property=\"og:description\" content=\"[vc_row][vc_column][vc_column_text margin_bottom=\u00a0\u00bb0&Prime; css=\u00a0\u00bb.vc_custom_1769720917404{margin-bottom: 0px !important;}\u00a0\u00bb]Le docteur Adeeb Malas a \u00e9t\u00e9 choisi par M\u00e9decins r\u00e9sidents du Canada (MRC) pour remplacer le docteur Paul Slodovnick en tant que directeur nomm\u00e9 par MRC au sein du conseil d\u2019administration de CaRMS. Adeeb est un r\u00e9sident en psychiatrie dans le programme Fraser de la University of British Columbia, o\u00f9 il [&hellip;]\" \/>\n<meta property=\"og:url\" content=\"https:\/\/www.carms.ca\/fr\/a-propos-de\/gouvernance-et-comites\/gouvernance\/docteur-adeeb-malas\/\" \/>\n<meta property=\"og:site_name\" content=\"CaRMS\" \/>\n<meta name=\"twitter:card\" content=\"summary_large_image\" \/>\n<meta name=\"twitter:label1\" content=\"Dur\u00e9e de lecture estim\u00e9e\" \/>\n\t<meta name=\"twitter:data1\" content=\"2 minutes\" \/>\n<script type=\"application\/ld+json\" class=\"yoast-schema-graph\">{\"@context\":\"https:\\\/\\\/schema.org\",\"@graph\":[{\"@type\":\"WebPage\",\"@id\":\"https:\\\/\\\/www.carms.ca\\\/fr\\\/a-propos-de\\\/gouvernance-et-comites\\\/gouvernance\\\/docteur-adeeb-malas\\\/\",\"url\":\"https:\\\/\\\/www.carms.ca\\\/fr\\\/a-propos-de\\\/gouvernance-et-comites\\\/gouvernance\\\/docteur-adeeb-malas\\\/\",\"name\":\"Docteur Adeeb Malas - CaRMS\",\"isPartOf\":{\"@id\":\"https:\\\/\\\/www.carms.ca\\\/#website\"},\"datePublished\":\"2026-01-29T21:15:21+00:00\",\"breadcrumb\":{\"@id\":\"https:\\\/\\\/www.carms.ca\\\/fr\\\/a-propos-de\\\/gouvernance-et-comites\\\/gouvernance\\\/docteur-adeeb-malas\\\/#breadcrumb\"},\"inLanguage\":\"fr-FR\",\"potentialAction\":[{\"@type\":\"ReadAction\",\"target\":[\"https:\\\/\\\/www.carms.ca\\\/fr\\\/a-propos-de\\\/gouvernance-et-comites\\\/gouvernance\\\/docteur-adeeb-malas\\\/\"]}]},{\"@type\":\"BreadcrumbList\",\"@id\":\"https:\\\/\\\/www.carms.ca\\\/fr\\\/a-propos-de\\\/gouvernance-et-comites\\\/gouvernance\\\/docteur-adeeb-malas\\\/#breadcrumb\",\"itemListElement\":[{\"@type\":\"ListItem\",\"position\":1,\"name\":\"Accueil\",\"item\":\"https:\\\/\\\/www.carms.ca\\\/fr\\\/accueil-2\\\/\"},{\"@type\":\"ListItem\",\"position\":2,\"name\":\"\u00c0 propos de\",\"item\":\"https:\\\/\\\/www.carms.ca\\\/fr\\\/a-propos-de\\\/\"},{\"@type\":\"ListItem\",\"position\":3,\"name\":\"Gouvernance et comit\u00e9s\",\"item\":\"https:\\\/\\\/www.carms.ca\\\/fr\\\/a-propos-de\\\/gouvernance-et-comites\\\/\"},{\"@type\":\"ListItem\",\"position\":4,\"name\":\"Gouvernance\",\"item\":\"https:\\\/\\\/www.carms.ca\\\/fr\\\/a-propos-de\\\/gouvernance-et-comites\\\/gouvernance\\\/\"},{\"@type\":\"ListItem\",\"position\":5,\"name\":\"Docteur Adeeb Malas\"}]},{\"@type\":\"WebSite\",\"@id\":\"https:\\\/\\\/www.carms.ca\\\/#website\",\"url\":\"https:\\\/\\\/www.carms.ca\\\/\",\"name\":\"CaRMS\",\"description\":\"\",\"potentialAction\":[{\"@type\":\"SearchAction\",\"target\":{\"@type\":\"EntryPoint\",\"urlTemplate\":\"https:\\\/\\\/www.carms.ca\\\/?s={search_term_string}\"},\"query-input\":{\"@type\":\"PropertyValueSpecification\",\"valueRequired\":true,\"valueName\":\"search_term_string\"}}],\"inLanguage\":\"fr-FR\"}]}<\/script>\n<!-- \/ Yoast SEO plugin. -->","yoast_head_json":{"title":"Docteur Adeeb Malas - CaRMS","robots":{"index":"index","follow":"follow","max-snippet":"max-snippet:-1","max-image-preview":"max-image-preview:large","max-video-preview":"max-video-preview:-1"},"canonical":"https:\/\/www.carms.ca\/fr\/a-propos-de\/gouvernance-et-comites\/gouvernance\/docteur-adeeb-malas\/","og_locale":"fr_FR","og_type":"article","og_title":"Docteur Adeeb Malas - CaRMS","og_description":"[vc_row][vc_column][vc_column_text margin_bottom=\u00a0\u00bb0&Prime; css=\u00a0\u00bb.vc_custom_1769720917404{margin-bottom: 0px !important;}\u00a0\u00bb]Le docteur Adeeb Malas a \u00e9t\u00e9 choisi par M\u00e9decins r\u00e9sidents du Canada (MRC) pour remplacer le docteur Paul Slodovnick en tant que directeur nomm\u00e9 par MRC au sein du conseil d\u2019administration de CaRMS. Adeeb est un r\u00e9sident en psychiatrie dans le programme Fraser de la University of British Columbia, o\u00f9 il [&hellip;]","og_url":"https:\/\/www.carms.ca\/fr\/a-propos-de\/gouvernance-et-comites\/gouvernance\/docteur-adeeb-malas\/","og_site_name":"CaRMS","twitter_card":"summary_large_image","twitter_misc":{"Dur\u00e9e de lecture estim\u00e9e":"2 minutes"},"schema":{"@context":"https:\/\/schema.org","@graph":[{"@type":"WebPage","@id":"https:\/\/www.carms.ca\/fr\/a-propos-de\/gouvernance-et-comites\/gouvernance\/docteur-adeeb-malas\/","url":"https:\/\/www.carms.ca\/fr\/a-propos-de\/gouvernance-et-comites\/gouvernance\/docteur-adeeb-malas\/","name":"Docteur Adeeb Malas - CaRMS","isPartOf":{"@id":"https:\/\/www.carms.ca\/#website"},"datePublished":"2026-01-29T21:15:21+00:00","breadcrumb":{"@id":"https:\/\/www.carms.ca\/fr\/a-propos-de\/gouvernance-et-comites\/gouvernance\/docteur-adeeb-malas\/#breadcrumb"},"inLanguage":"fr-FR","potentialAction":[{"@type":"ReadAction","target":["https:\/\/www.carms.ca\/fr\/a-propos-de\/gouvernance-et-comites\/gouvernance\/docteur-adeeb-malas\/"]}]},{"@type":"BreadcrumbList","@id":"https:\/\/www.carms.ca\/fr\/a-propos-de\/gouvernance-et-comites\/gouvernance\/docteur-adeeb-malas\/#breadcrumb","itemListElement":[{"@type":"ListItem","position":1,"name":"Accueil","item":"https:\/\/www.carms.ca\/fr\/accueil-2\/"},{"@type":"ListItem","position":2,"name":"\u00c0 propos de","item":"https:\/\/www.carms.ca\/fr\/a-propos-de\/"},{"@type":"ListItem","position":3,"name":"Gouvernance et comit\u00e9s","item":"https:\/\/www.carms.ca\/fr\/a-propos-de\/gouvernance-et-comites\/"},{"@type":"ListItem","position":4,"name":"Gouvernance","item":"https:\/\/www.carms.ca\/fr\/a-propos-de\/gouvernance-et-comites\/gouvernance\/"},{"@type":"ListItem","position":5,"name":"Docteur Adeeb Malas"}]},{"@type":"WebSite","@id":"https:\/\/www.carms.ca\/#website","url":"https:\/\/www.carms.ca\/","name":"CaRMS","description":"","potentialAction":[{"@type":"SearchAction","target":{"@type":"EntryPoint","urlTemplate":"https:\/\/www.carms.ca\/?s={search_term_string}"},"query-input":{"@type":"PropertyValueSpecification","valueRequired":true,"valueName":"search_term_string"}}],"inLanguage":"fr-FR"}]}},"publishpress_future_workflow_manual_trigger":{"enabledWorkflows":[]},"_links":{"self":[{"href":"https:\/\/www.carms.ca\/fr\/wp-json\/wp\/v2\/pages\/51531","targetHints":{"allow":["GET"]}}],"collection":[{"href":"https:\/\/www.carms.ca\/fr\/wp-json\/wp\/v2\/pages"}],"about":[{"href":"https:\/\/www.carms.ca\/fr\/wp-json\/wp\/v2\/types\/page"}],"author":[{"embeddable":true,"href":"https:\/\/www.carms.ca\/fr\/wp-json\/wp\/v2\/users\/40"}],"replies":[{"embeddable":true,"href":"https:\/\/www.carms.ca\/fr\/wp-json\/wp\/v2\/comments?post=51531"}],"version-history":[{"count":1,"href":"https:\/\/www.carms.ca\/fr\/wp-json\/wp\/v2\/pages\/51531\/revisions"}],"predecessor-version":[{"id":51545,"href":"https:\/\/www.carms.ca\/fr\/wp-json\/wp\/v2\/pages\/51531\/revisions\/51545"}],"up":[{"embeddable":true,"href":"https:\/\/www.carms.ca\/fr\/wp-json\/wp\/v2\/pages\/1053"}],"wp:attachment":[{"href":"https:\/\/www.carms.ca\/fr\/wp-json\/wp\/v2\/media?parent=51531"}],"curies":[{"name":"wp","href":"https:\/\/api.w.org\/{rel}","templated":true}]}}

<div class="wpb-content-wrapper">[vc_row][vc_column][vc_column_text margin_bottom= »0&Prime; css= ».vc_custom_1769720917404{margin-bottom: 0px !important;} »]<strong>Le docteur Adeeb Malas</strong> a été choisi par Médecins résidents du Canada (MRC) pour remplacer le docteur Paul Slodovnick en tant que directeur nommé par MRC au sein du conseil d’administration de CaRMS.</p>
<p>Adeeb est un résident en psychiatrie dans le programme Fraser de la University of British Columbia, où il a acquis de solides bases académiques et cliniques après avoir obtenu son doctorat en médecine dans le Southern Medical Program de la UBC. Avant d’entreprendre des études en médecine, il a obtenu un diplôme d’études spécialisées en prémédecine rurale avec mention honorable au Collège Selkirk, où son dévouement initial envers les communautés mal desservies a formé son parcours professionnel. Sa formation en médecine a toujours été liée à un engagement envers l’avancement des soins, de la recherche et du plaidoyer pour les résidents en santé mentale.</p>
<p>En plus de sa formation en milieu clinique, Adeeb a maintenu un portefeuille de recherche solide avec des ouvrages publiés dans divers domaines, dont celui du lien entre le cannabis et le sommeil, des soins virtuels pour les populations autochtones et de la santé métabolique. Il a été l’auteur principal de plusieurs projets, dont un examen systématique des doses de cannabis pour le sommeil, paru dans la revue <em>Sleep</em>, ainsi qu’une étude en cours sur les effets du cannabis sur l’architecture du sommeil. Ses premières contributions à la recherche ont porté sur la planification des ressources médicales, la gestion des épidémies et l’amélioration de la qualité en chirurgie cardiaque. Ces initiatives témoignent de sa capacité à intégrer la recherche scientifique avec des solutions pratiques pour les soins aux patients et les systèmes de santé.</p>
<p>Au-delà du milieu académique et de la pratique en milieu clinique, Adeeb a démontré des qualités de leadership et un engagement communautaire exceptionnels. En tant que président de l’organisation Médecins résidents de la Colombie-Britannique, il représente les intérêts des résidents à l’échelle de la province lors de négociations et de gouvernance, tout en menant des initiatives dans les domaines de l’éducation, du mieux-être et de l’équité. Ses rôles passés au sein de MRCB, de comités sociaux et de mentorat et son leadership pendant son année clinique de base mettent en évidence ses compétences en matière de collaboration et de plaidoyer. L’engagement durable d’Adeeb envers le service est également évident dans ses premiers travaux en tant que liaison avec les familles de réfugiés syriens récemment arrivés, où il offrait un soutien pour l’interprétation, l’établissement et l’intégration dans la communauté.[/vc_column_text][/vc_column][/vc_row]
</div>

<p>[vc_row][vc_column][vc_column_text margin_bottom= »0&Prime; css= ».vc_custom_1769720917404{margin-bottom: 0px !important;} »]Le docteur Adeeb Malas a été choisi par Médecins résidents du Canada (MRC) pour remplacer le docteur Paul Slodovnick en tant que directeur nommé par MRC au sein du conseil d’administration de CaRMS. Adeeb est un résident en psychiatrie dans le programme Fraser de la University of British Columbia, où il [&hellip;]</p>

<p>Directeur<br />
Résident en médecine, psychiatrie<br />
<em>University of British Columbia</em></p>

<!-- This site is optimized with the Yoast SEO plugin v27.3 - https://yoast.com/product/yoast-seo-wordpress/ -->
<title>Docteur Adeeb Malas - CaRMS</title>
<meta name="robots" content="index, follow, max-snippet:-1, max-image-preview:large, max-video-preview:-1" />
<link rel="canonical" href="https://www.carms.ca/fr/a-propos-de/gouvernance-et-comites/gouvernance/docteur-adeeb-malas/" />
<meta property="og:locale" content="fr_FR" />
<meta property="og:type" content="article" />
<meta property="og:title" content="Docteur Adeeb Malas - CaRMS" />
<meta property="og:description" content="[vc_row][vc_column][vc_column_text margin_bottom= »0&Prime; css= ».vc_custom_1769720917404{margin-bottom: 0px !important;} »]Le docteur Adeeb Malas a été choisi par Médecins résidents du Canada (MRC) pour remplacer le docteur Paul Slodovnick en tant que directeur nommé par MRC au sein du conseil d’administration de CaRMS. Adeeb est un résident en psychiatrie dans le programme Fraser de la University of British Columbia, où il [&hellip;]" />
<meta property="og:url" content="https://www.carms.ca/fr/a-propos-de/gouvernance-et-comites/gouvernance/docteur-adeeb-malas/" />
<meta property="og:site_name" content="CaRMS" />
<meta name="twitter:card" content="summary_large_image" />
<meta name="twitter:label1" content="Durée de lecture estimée" />
	<meta name="twitter:data1" content="2 minutes" />
<script type="application/ld+json" class="yoast-schema-graph">{"@context":"https:\/\/schema.org","@graph":[{"@type":"WebPage","@id":"https:\/\/www.carms.ca\/fr\/a-propos-de\/gouvernance-et-comites\/gouvernance\/docteur-adeeb-malas\/","url":"https:\/\/www.carms.ca\/fr\/a-propos-de\/gouvernance-et-comites\/gouvernance\/docteur-adeeb-malas\/","name":"Docteur Adeeb Malas - CaRMS","isPartOf":{"@id":"https:\/\/www.carms.ca\/#website"},"datePublished":"2026-01-29T21:15:21+00:00","breadcrumb":{"@id":"https:\/\/www.carms.ca\/fr\/a-propos-de\/gouvernance-et-comites\/gouvernance\/docteur-adeeb-malas\/#breadcrumb"},"inLanguage":"fr-FR","potentialAction":[{"@type":"ReadAction","target":["https:\/\/www.carms.ca\/fr\/a-propos-de\/gouvernance-et-comites\/gouvernance\/docteur-adeeb-malas\/"]}]},{"@type":"BreadcrumbList","@id":"https:\/\/www.carms.ca\/fr\/a-propos-de\/gouvernance-et-comites\/gouvernance\/docteur-adeeb-malas\/#breadcrumb","itemListElement":[{"@type":"ListItem","position":1,"name":"Accueil","item":"https:\/\/www.carms.ca\/fr\/accueil-2\/"},{"@type":"ListItem","position":2,"name":"À propos de","item":"https:\/\/www.carms.ca\/fr\/a-propos-de\/"},{"@type":"ListItem","position":3,"name":"Gouvernance et comités","item":"https:\/\/www.carms.ca\/fr\/a-propos-de\/gouvernance-et-comites\/"},{"@type":"ListItem","position":4,"name":"Gouvernance","item":"https:\/\/www.carms.ca\/fr\/a-propos-de\/gouvernance-et-comites\/gouvernance\/"},{"@type":"ListItem","position":5,"name":"Docteur Adeeb Malas"}]},{"@type":"WebSite","@id":"https:\/\/www.carms.ca\/#website","url":"https:\/\/www.carms.ca\/","name":"CaRMS","description":"","potentialAction":[{"@type":"SearchAction","target":{"@type":"EntryPoint","urlTemplate":"https:\/\/www.carms.ca\/?s={search_term_string}"},"query-input":{"@type":"PropertyValueSpecification","valueRequired":true,"valueName":"search_term_string"}}],"inLanguage":"fr-FR"}]}</script>
<!-- / Yoast SEO plugin. -->

[vc_row][vc_column][vc_column_text margin_bottom= »0&Prime; css= ».vc_custom_1769720917404{margin-bottom: 0px !important;} »]Le docteur Adeeb Malas a été choisi par Médecins résidents du Canada (MRC) pour remplacer le docteur Paul Slodovnick en tant que directeur nommé par MRC au sein du conseil d’administration de CaRMS. Adeeb est un résident en psychiatrie dans le programme Fraser de la University of British Columbia, où il [&hellip;]

À propos de

Gouvernance et comités
